) - -67.
11
Evaluate 6 - 1 - (-13 - (0 + (-3 - 7))) - -1.
9
Calculate 3 + 8 + 23 + -24 + 0 + 1 + -68.
-57
-1 - -62 - (3489 + -3431 + -1 + -78)
82
Calculate (33 - -18 - 63) + (-1 - -21) + (-2 - 93).
-87
Calculate 5 - ((-6 - -68) + -5 + 2 + (-3 - 6)).
-45
Evaluate 15 + 17 + -33 + -22 - 47.
-70
What is 157 - (241 + -142) - (3 + 8 - (0 - 2))?
45
What is (-37 - -48 - (-1 + -9)) + -31?
-10
What is 24 + 29 + -94 - 17?
-58
What is the value of 701 - 692 - ((-7 - -4) + (0 - -1))?
11
What is -81 - 0 - (5187 + -5232)?
-36
Calculate -49 - (11 + -13 + (20 - (1 + -3))).
-69
What is (32 + 38 - 13) + -5?
52
What is (9 - ((29 - (7 + 7)) + 1)) + 58?
51
What is -43 + (37 - 30 - -28)?
-8
What is the value of (-84 - (-3 - (-5 + -10)) - 18) + -12 + 5?
-121
What is the value of -25 - 8 - (198 - 240)?
9
What is the value of (-419 - -422 - (-11 + -2)) + -77?
-61
Evaluate (0 - -11 - 1) + 55 + 43 + -38 + -19.
51
(51 - (54 - -144)) + 6
-141
Evaluate -13 + (30 + -1 - 31 - 25).
-40
Evaluate 55 - (-55 - (67 + -96)).
81
-4 - (-116 + 127 + -99 + -1)
85
-76 + 49 - (12 + 10)
-49
Evaluate 21 - (65 - 37 - (37 + -8)).
22
What is the value of 17 + -9 + (69 - 43) - 81?
-47
Calculate (673 - 673) + (2 - (13 + 2)) + 75.
62
-36 - (-18 - (13 + -8 - 0) - (8 - 19))
-24
Evaluate 4 + -83 + (11 - (16 + -17) - 22).
-89
What is (41 + -61 - (-12 + -2)) + (1 - 12) + 72?
55
(542 - 543) + -1 + 8 + -1 - (4 + -22)
23
What is (19 - 8) + (-9 + (9 - 11) - 21)?
-21
(144 - (-13 + 16 + 9)) + (-3 - 8) + 2
123
What is the value of 6 - 22 - (-47 + -17 + 151)?
-103
-23 + 20 - (2 + -2 - 46)
43
Calculate -40 - (-31 - (16 - 59) - 25).
-27
What is the value of -4 - (9 - (-35 + 13 + 15))?
-20
Evaluate 6 - 38 - (-23 - (20 + -30)).
-19
Calculate -200 + 285 + (7 - 30).
62
What is the value of -2 + 4 + 8 + -21 + 19?
8
Evaluate (-148 + 22 - -117) + (1 - -1) + 23 + 5.
21
What is the value of -29 + -28 + (43 - -4) + -1 + 24?
13
Calculate (1 - 5) + -3 + (26 - 14) - 10.
-5
Calculate 8 + -44 + (0 - (-7 + -6 - -18)).
-41
Evaluate 54 + -52 + (-34 - 1).
-33
Evaluate (5 - (-29 - (-2 + -4 - 6) - -4)) + -7.
11
What is 4 - -7 - 8 - 45 - ((-4 - -8) + -9)?
-37
Calculate 10755 + -10602 - (1 - -74).
78
Evaluate 13 - (64 + (-1 - -11 - 21)).
-40
What is 2 + -2 - 8 - (-924 + 938) - -148?
126
Calculate 153 + 37 - (195 - 37).
32
Calculate -1 - ((-26 + 23 - (2 - 9)) + -1 - 50).
46
What is the value of 94 + (-14 - -7) + -13?
74
What is 1 + -2 + 2 + (10 - 56) + (40 - 78)?
-83
What is 83 + (8 - -2) + (-28 - 0) + -58 + 72?
79
Evaluate -21 + (-24 - -2) + (-61 - -117).
13
Evaluate 4 + -29 - (232 + -286).
29
What is (-102 - -71) + 56 + -2?
23
-38 - (-19 - -5) - (-1 - 8)
-15
37 + -1 + (-53 - -74) + 1 + -3
55
What is the value of (-19 - -21 - -17) + 10 + 6?
35
Calculate -59 + 133 + -93 + 97 + (-2 - 0).
76
What is -8 - (77 - (-20 - -113))?
8
Evaluate -20 - 75 - -107 - (-1 + 36 + 0).
-23
What is the value of (8 - -44) + (-59 - -13)?
6
Evaluate 7 - (-49 - -74) - -67.
49
Calculate 60 + 0 + -17 + -20 + -72.
-49
What is the value of -5 + 0 + (-67 - -89) + 3 + -1?
19
What is the value of -3 + (-8 - -6) + (-76 - -95) + (-27 - -2)?
-11
What is (43 - (-2 - 115)) + -43?
117
What is the value of -43 + 38 + (16 - -1)?
12
Calculate 0 + -21 - (81 + -126) - -63.
87
-294 + 290 + (6 - 0) + 51
53
Calculate -46 - (5 - ((8 - 35) + 1)).
-77
-85 - (-14 + 8 + 3 - (36 + -50))
-96
Evaluate 6 + 7 + 12 + (-1 - (-13 + 1)) + 1.
37
Evaluate 2 - (-1 + (-2 - -125) - (-447 - -439)).
-128
Calculate -1 - (-24 + 12 + 6) - (4 + (-94 - 12)).
107
Evaluate 22 - 62 - -24 - -2.
-14
What is 7 + 5 - (15 - (-10 + 23 + -5 - 3))?
2
What is the value of 104 + 14 + (-18 - (-10 - -20 - 3))?
93
Evaluate 57 - (-10 - (-10 + -1 - -10 - 14)) - 7.
45
What is the value of (-11 - 18) + -18 + 24 + 54?
31
Calculate 43 + (-39 - (-51 - -84)).
-29
What is 18 + -201 + 249 + -2 + -24?
40
What is the value of -25 - -50 - (76 + -24)?
-27
What is 20 - 28 - -26 - ((-10 - -3) + 100)?
-75
Evaluate 9 + (-15 - (18 + -6 + 2)) + (2 - -2).
-16
17 + -27 + (18 - 16) + 4
-4
Evaluate 36 + (16 - (35 + -17)).
34
What is the value of (-21 - (3 + 2 + 2 + -15)) + 45?
32
Evaluate 121 - 97 - (-31 - -28).
27
What is 18 + (2 - (57 - -2 - -17))?
-56
What is the value of (37 - 16) + 9 - (127 - -11)?
-108
What is the value of -194 + 407 + -283 - (-41 + 0)?
-29
What is the value of -57 + -33 + 41 + 28?
-21
Calculate -118 + (24 - (-14 + 22)) + (-5 - 1) + 0.
-108
Evaluate (3 - -56) + -509 + 431.
-19
What is -15 - (10 + 22 + (-6 - 10))?
-31
0 - (-90 - 15 - -191)
-86
What is the value of (37 - (30 + -13) - 11) + 49 + 1?
59
(-2 - (15 - -2)) + (3 - (6 + 27 + -30))
-19
What is the value of -5 + -14 + 1 + -10 + 36 - -14?
22
What is the value of -5 - (25 + (-4 - (4 + -9) - -7))?
-38
What is -10 + 20 + 6 + 10 - 27?
-1
What is -1721 + 1728 + (1 - 19)?
-11
Evaluate (20 - 108) + 83 + 98.
93
Evaluate 45 - ((120 - (-178 - -298)) + -1 + (-12 - -1)).
57
3 + -2 + 30 + -3 + (-19 - (5 + -22))
26
Evaluate (27 - 1 - (-1 + 8)) + -10 + 13.
22
What is -4 + (1 - -47) - (195 + -170)?
19
36 + (-34 + 16 - (1 - -2)) - 30
-15
What is the value of (-38 - -12) + -112 + 93?
-45
What is -63 + (-41 + 69 - -5)?
-30
Calculate 113 + -2 - (-8503 - -8563).
51
What is the value of 70 + 0 + 1 - ((-78 - -156) + -100)?
93
What is 1 + (-13 - (-20 - (-6 - 3)) - -5) - 45?
-41
Calculate -11 + (1 - (1 - (-40 + (11 - (-3 - -9))))).
-46
-3 - (-9 + 15) - (-2 + 3 - 50)
40
(60 - (-24 + 13)) + -9 + 2 - (3 - -1)
60
Evaluate -9 + -3 + 6 - (132 - 128) - -147.
137
What is (-10 + 13 - 16) + -75 + 56?
-32
(-2 - -3 - 3) + 3 + (-4854 - -4913)
60
(-20 - -36) + -7 + -7 + -1 + (-72 - 4)
-75
What is the value of -3 + (0 - 7) - (-5 + -13 + (-2 - -24))?
-14
What is the value of 42 - -2 - (34 - (42 + -20))?
32
-33 + -1 - (-13 + 1 + (-2 - 7) + 12)
-25
(-16 - -5 - -5) + 2 - (0 + 4)
-8
Calculate (101 - (114 + -8)) + 3 + 83.
81
What is the value of -44 + -15 + -4 + 33 + -1?
-31
What is 0 + (-7 + 16 - (13 - (-20 - (3 + -17))))?
-10
Evaluate (-35 + 1 - -3) + -387 + 372.
-46
What is the value of 113 - (135 + (-25 - 55))?
58
What is -26 + 1 + -3 - (-1756 - -1760)?
-32
What is (18 - -5 - (-8 - (-16 - -11))) + -5?
21
Evaluate -27 - (-1 - (17 + -50 - 7)).
-66
Evaluate 0 + -41 + (102 - 80) - -1.
-18
-49 + -17 + -5 + 24 + -2 - (8 + -2)
-55
What is the value of -2 - (30 - 11) - 9 - -2?
-28
Calculate -1 + 8 + (-39 - (-32 - 2) - 8).
-6
Calculate 71 - (-124 + 32 - -253).
-90
Calculate -5 + (5 + -3 + 119 - (-2461 - -2485)).
92
What is 0 + -23 + (-179 - (-132 + -167))?
97
Evaluate 3 - (-52 + -16 + 9 + -5 + 6).
61
Calculate -156 + 129 + (77 - (-7 - -6)) - (5 + 1).
45
(-27 - 3) + 15 + 21 + -33
-27
Calculate (-33 - (31 - 51 - -10)) + 4.
-19
What is -72 + (26 - 117 - -64)?
-99
0 + -4 + 1 + 7 - (-398 + 407)
-5
What is the value of -19 - -5 - (5 - 13 - -2)?
-8
What is (4 - -60 - (-3 + (-19 - -11))) + 1 + 2?
78
(-4 - 9 - (-60 + 28)) + -54
-35
Calculate (35 - (5 - -23)) + 37.
44
Evaluate 51 - (-152 + 107 - 11).
107
What is (-24 + 86 - 154) + 38?
-54
Evaluate -14 - (-2 + 11 + -5 + -17).
-1
Evaluate -15 + (-4 - (-11 + 6)) - 11.
-25
Calculate -8 + 3 + 56 + 2 + -35.
18
What is the value of (4016 - 4057) + (-14 - (-2 + 3)) + 2 + -5?
-59
What is -1083 + 1182 - (-2 - -9)?
92
What is (-3 - (-96 + 0 + 3) - (-374 - -384)) + -8?
72
What is (-192 - (289 - 585)) + 1 + 21?
126
What is 2 + -69 + -3039 + 3051?
-55
What is the value of -1 + -26 + (-410 - -381) + (-1 - 1) + -6?
-64
What is 17 - (43 - (-12 - -5 - -26))?
-7
What is the value of -2 + 21 + (63 - (60 + 14)) + -48?
-40
What is the value of -60 + (9 - 4) + 4 + (9 + -12 - 9)?
-63
Calculate 2 - 4 - (-3 + (1 - -13 - -1)).
-14
Calculate (0 - 2) + (-4 - (47 + -8 + -22)).
-23
-13 - (-20 + 6 + 4 + 13 + -4 + 4)
-16
Calculate 68 - -3 - (2 + -16 - (13 - 21)).
77
Evaluate -73 - (80 + -142) - (-1 - (67 + 2)).
59
Evaluate -5 + (3 - 4 - 6) + 0 + (-6 - -9).
-9
(92 - (71 + -4 + 1)) + -1 + (0 - 12)
11
What is the value of 33 - (406 - 321 - (53 + -5))?
-4
Evaluate -9 + -20 + 9 - (1 + (8 - 15)).
-14
What is 31 - (-73 + 109 + -35)?
30
What is the value of -32 - -28 - 16 - (-9 + -129)?
118
Calculate (0 - 90) + -1502 + 1513.
-79
Evaluate 8 - (34 + -28 + (1 - (6 - 2)) - -55).
-50
Calculate -6 - (1 + -24 - -22 - 18).
13
0 - 1 - (-8 + 17 + -12 + -39 + -5)
46
What is (6 + -11 - 94) + (13 - 17)?
-103
Calculate (-27 - 